hat is -11 (base 5) in base 14?
-6
-65 (base 7) to base 10
-47
Convert 10 (base 3) to base 9.
3
Convert 4 (base 15) to base 2.
100
Convert -20c (base 13) to base 11.
-299
Convert 16 (base 14) to base 12.
18
What is -47 (base 12) in base 7?
-106
Convert -14 (base 6) to base 13.
-a
100 (base 2) to base 11
4
Convert 0 (base 16) to base 4.
0
-4 (base 6) to base 8
-4
What is -20 (base 7) in base 2?
-1110
What is -9a (base 13) in base 14?
-91
-72 (base 14) to base 3
-10201
-12 (base 14) to base 8
-20
What is 2 (base 3) in base 8?
2
What is -10 (base 5) in base 8?
-5
Convert c (base 16) to base 12.
10
-4 (base 8) to base 11
-4
-141 (base 5) to base 8
-56
What is 16 (base 16) in base 13?
19
Convert 110011 (base 2) to base 10.
51
97 (base 12) to base 6
311
What is -20 (base 3) in base 4?
-12
-23 (base 10) to base 8
-27
-11 (base 7) to base 14
-8
Convert -22 (base 6) to base 2.
-1110
Convert -12 (base 14) to base 11.
-15
Convert -2 (base 13) to base 9.
-2
-169 (base 16) to base 8
-551
Convert 12 (base 6) to base 9.
8
Convert 35 (base 12) to base 4.
221
What is 11 (base 6) in base 16?
7
-9 (base 10) to base 4
-21
Convert -4 (base 13) to base 8.
-4
-50 (base 12) to base 9
-66
What is 1a (base 14) in base 10?
24
4 (base 7) to base 8
4
What is -9 (base 10) in base 12?
-9
Convert 67 (base 10) to base 3.
2111
-43 (base 11) to base 2
-101111
-47 (base 9) to base 3
-1121
2 (base 15) to base 14
2
What is 512 (base 7) in base 12?
192
32 (base 4) to base 6
22
Convert 2 (base 9) to base 2.
10
-9 (base 12) to base 8
-11
-55 (base 12) to base 2
-1000001
Convert 3 (base 15) to base 10.
3
3c (base 14) to base 7
105
-1022 (base 4) to base 13
-59
-1 (base 3) to base 5
-1
What is -5 (base 10) in base 9?
-5
What is -5 (base 14) in base 2?
-101
What is -16 (base 14) in base 7?
-26
Convert 1 (base 5) to base 6.
1
Convert b7 (base 16) to base 5.
1213
What is -112 (base 3) in base 15?
-e
Convert -5 (base 6) to base 16.
-5
-2 (base 8) to base 7
-2
-50 (base 6) to base 3
-1010
Convert 0 (base 8) to base 9.
0
Convert 0 (base 13) to base 8.
0
What is -1 (base 6) in base 3?
-1
16 (base 10) to base 15
11
What is 1 (base 15) in base 16?
1
What is -195 (base 13) in base 16?
-123
Convert -30 (base 6) to base 8.
-22
33 (base 14) to base 7
63
What is 14 (base 5) in base 12?
9
What is 0 (base 15) in base 10?
0
-1c (base 15) to base 6
-43
What is 0 (base 8) in base 7?
0
-6a (base 13) to base 6
-224
144 (base 5) to base 15
34
5 (base 9) to base 8
5
-5 (base 9) to base 6
-5
8 (base 9) to base 13
8
Convert -1202 (base 4) to base 7.
-200
What is -18 (base 9) in base 15?
-12
Convert 7 (base 10) to base 2.
111
Convert 18 (base 13) to base 7.
30
What is 1111111 (base 2) in base 13?
9a
Convert -1 (base 10) to base 6.
-1
What is -2 (base 6) in base 13?
-2
What is -1 (base 8) in base 3?
-1
-1 (base 15) to base 14
-1
Convert 33 (base 16) to base 11.
47
What is 23 (base 8) in base 11?
18
Convert 12 (base 14) to base 5.
31
Convert -e (base 15) to base 14.
-10
f (base 16) to base 8
17
What is -50 (base 8) in base 3?
-1111
What is 1a (base 11) in base 16?
15
Convert -1 (base 12) to base 9.
-1
4 (base 15) to base 4
10
What is -1 (base 7) in base 14?
-1
What is -144 (base 7) in base 5?
-311
What is 0 (base 6) in base 16?
0
a (base 16) to base 11
a
Convert 110010 (base 2) to base 13.
3b
Convert 10 (base 3) to base 12.
3
What is -7 (base 8) in base 3?
-21
What is 1210 (base 3) in base 6?
120
-1 (base 7) to base 3
-1
What is 8 (base 9) in base 2?
1000
Convert -13 (base 6) to base 14.
-9
Convert 61 (base 8) to base 13.
3a
What is -2200 (base 3) in base 4?
-1020
5 (base 13) to base 7
5
Convert 11 (base 5) to base 12.
6
What is -202 (base 3) in base 10?
-20
Convert 6 (base 12) to base 3.
20
10a (base 13) to base 2
10110011
-8 (base 12) to base 3
-22
0 (base 16) to base 11
0
Convert -6 (base 15) to base 3.
-20
What is 3 (base 11) in base 5?
3
What is -7a (base 11) in base 16?
-57
What is 2010 (base 3) in base 2?
111001
What is -10233 (base 4) in base 16?
-12f
What is -41 (base 5) in base 4?
-111
What is 222 (base 4) in base 3?
1120
What is 9 (base 12) in base 15?
9
10000 (base 2) to base 16
10
32 (base 13) to base 5
131
What is -1c0 (base 14) in base 2?
-101101100
What is 3 (base 5) in base 3?
10
11 (base 6) to base 3
21
What is -ad (base 16) in base 6?
-445
3 (base 9) to base 11
3
What is -66 (base 12) in base 8?
-116
Convert -1020 (base 3) to base 10.
-33
Convert -23 (base 5) to base 11.
-12
What is -605 (base 7) in base 9?
-362
2 (base 6) to base 12
2
26 (base 11) to base 4
130
What is -313 (base 7) in base 12?
-111
Convert -100111 (base 2) to base 9.
-43
What is -102 (base 3) in base 4?
-23
-73 (base 11) to base 7
-143
What is 1 (base 12) in base 16?
1
What is -12 (base 5) in base 13?
-7
Convert 10 (base 5) to base 4.
11
Convert -74 (base 11) to base 16.
-51
Convert 15 (base 16) to base 10.
21
Convert 11 (base 13) to base 15.
e
What is 215 (base 12) in base 8?
461
-3 (base 10) to base 11
-3
Convert -1 (base 2) to base 5.
-1
Convert 6 (base 9) to base 5.
11
-83 (base 15) to base 16
-7b
What is 21 (base 4) in base 7?
12
Convert 2 (base 9) to base 5.
2
Convert 1 (base 16) to base 15.
1
-146 (base 7) to base 16
-53
What is 2c (base 16) in base 8?
54
11 (base 15) to base 16
10
-6 (base 14) to base 8
-6
What is 2412 (base 5) in base 16?
165
7 (base 10) to base 13
7
-136 (base 11) to base 3
-12221
-b6 (base 15) to base 5
-1141
What is 165 (base 7) in base 6?
240
What is -20 (base 8) in base 16?
-10
-12 (base 16) to base 11
-17
Convert 3 (base 11) to base 4.
3
What is 43 (base 7) in base 16?
1f
Convert -1 (base 5) to base 13.
-1
What is 2 (base 9) in base 11?
2
-1212 (base 5) to base 11
-156
What is 11010 (base 3) in base 8?
157
What is -56 (base 11) in base 14?
-45
Convert 87 (base 15) to base 6.
331
Convert 4 (base 5) to base 12.
4
Convert 130 (base 5) to base 4.
220
What is -131 (base 6) in base 10?
-55
Convert -233 (base 4) to base 8.
-57
What is 5 (base 14) in base 12?
5
Convert 117 (base 8) to base 10.
79
-33 (base 5) to base 12
-16
Convert -2 (base 14) to base 9.
-2
Convert 91 (base 16) to base 12.
101
51 (base 9) to base 6
114
Convert 0 (base 3) to base 14.
0
Convert 8 (base 10) to base 7.
11
What is 15 (base 10) in base 14?
11
What is -2 (base 15) in base 12?
-2
1254 (base 6) to base 3
102221
What is 40 (base 10) in base 7?
55
What is -4 (base 16) in base 2?
-100
11 (base 3) to base 16
4
What is -11 (base 15) in base 14?
-12
Convert -420 (base 5) to base 14.
-7c
1111 (base 2) to base 11
14
10 (base 6) to base 11
6
Convert 4 (base 9) to base 14.
4
What is 9 (base 11) in base 7?
12
0 (base 16) to base 9
0
What is c5 (base 15) in base 12?
135
1 (base 14) to base 10
1
404 (base 5) to base 7
206
What is 16 (base 7) in base 11?
12
What is 11110010 (base 2) in base 13?
158
What is -10001 (base 2) in base 15?
-12
What is -13 (base 7) in base 13?
-a
-22 (base 7) to base 8
-20
What is -2 (base 9) in base 16?
-2
Convert 1 (base 8) to base 10.
1
21 (base 5) to base 4
23
Convert -42 (base 16) to base 14.
-4a
What is -2 (base 9) in base 8?
-2
41 (base 9) to base 5
122
Convert -2 (base 7) to base 16.
-2
What is 122 (base 11) in base 10?
145
What is -100010111 (base 2) in base 14?
-15d
68 (base 16) to base 2
1101000
What is -11 (base 15) in base 11?
-15
Convert -300 (base 4) to base 10.
-48
Convert 0 (base 5) to base 8.
0
-168 (base 10) to base 4
-2220
-24 (base 15) to base 10
-34
What is 1 (base 2) in base 7?
1
What is 1 (base 15) in base 5?
1
What is -10 (base 4) in base 7?
-4
Convert 4 (base 12) to base 6.
4
Convert -5 (base 7) to base 9.
-5
Convert -64 (base 10) to base 8.
-100
-12 (base 11) to base 5
-23
Convert 5 (base 12) to base 13.
5
-51 (base 16) to base 11
-74
-3 (base 8) to base 12
-3
Convert -16 (base 11) to base 6.
-25
-4 (base 10) to base 14
-4
Convert -1a (base 11) to base 12.
-19
What is 132 (base 5) in base 4?
222
Convert -3 (base 14) to base 6.
-3
Convert 3 (base 8) to base 13.
3
-3 (base 10) to base 8
-3
8 (base 15) to base 9
8
-1 (base 15) to base 10
-1
-10101 (base 2) to base 11
-1a
What is -13 (base 4) in base 6?
-11
What is -124 (base 6) in base 2?
-110100
What is 11 (base 3) in base 4?
10
What is -31 (base 5) in base 11?
-15
-1110 (base 4) to base 10
-84
-11 (base 2) to base 7
-3
What is 161 (b